
Suppose 43*u - 46*u = -15. Suppose -345 = -u*o - 4*r, -o + 0*r + 2*r + 55 = 0. What is the tens digit of o?
6
What is the hundreds digit of (4/(-14))/((-6)/103614)?
9
Suppose 64 = -f + 9*f. Suppose 0 = -3*j + 5*u + 115, -f*u - 10 = -3*u. What is the tens digit of j?
3
Let y(k) = k - 5. Suppose -5*u - 4*j + 7 = 0, -2*u - 15 = u - 4*j. Let f(w) = -7*w**3 - w - 1. Let a be f(u). What is the units digit of y(a)?
2
Let f(u) be the second derivative of u**5/20 + 7*u**4/12 - u**3/3 - u**2/2 + 11*u. What is the units digit of f(-5)?
9
What is the hundreds digit of 19/(-114) - (-7189)/6?
1
Let x(g) = g**3 - 9*g**2 - 12*g + 33. What is the units digit of x(11)?
3
Let n(x) = x - 8. Let y(h) = -4*h + 24. Let a(m) = -14*n(m) - 4*y(m). What is the units digit of a(0)?
6
Suppose i + 35 = 8*i. What is the units digit of 2 + 82 + (i - 2) - -3?
0
Let q = 20 - -25. Let y = 50 - q. What is the units digit of y?
5
Let t(p) = -895*p - 5. Let a(n) = -179*n - 1. Let o(f) = 11*a(f) - 2*t(f). What is the units digit of o(-1)?
8
Suppose -7*k - 1243 + 7032 = 0. What is the hundreds digit of k?
8
Suppose 5*z - 59 = -2*y - 2*y, -67 = -4*y + 3*z. What is the units digit of (-15)/(-40) + 378/y?
4
Let g = 3046 + -2065. What is the tens digit of g?
8
Let z(p) = 3*p**2 + 21*p - 12. Let w be z(-10). Suppose 0 = -5*f + 3*s + 512 + w, -5*s = -2*f + 255. What is the hundreds digit of f?
1
Let t = -40 - -40. Let a be (t - -4) + -1 - 0. Let u(s) = -s**3 + 3*s**2 + 4*s - 6. What is the units digit of u(a)?
6
Suppose 4*n = 2*b - 754, 3*b + 0*b - 4*n = 1139. What is the hundreds digit of b?
3
Let t(p) = 7*p**3 - 3*p**2 - 46*p + 12. What is the thousands digit of t(6)?
1
Suppose 4*s + 4 - 12 = -4*k, k = -3*s + 2. Suppose -l = -2*t + k*l + 10, l = 0. What is the units digit of t?
5
What is the thousands digit of (9/27)/(-5 + 54498/10899)?
1
Suppose 4*f + 4071 = 5*z - 2589, 5329 = 4*z - 3*f. What is the units digit of z?
6
Let j = 7 + -4. Suppose -4*w - j*m = 27, 5*w - m = -0*m - 29. What is the units digit of w/(-9) + 172/3?
8
Suppose 5*t + 5*k = -155, -3*t - k = -13 + 100. Let n = -23 - t. Suppose 2*z - 17 = n. What is the tens digit of z?
1
Let u(y) = 8*y - 26. Let x be u(5). Suppose 2*z = x + 12. What is the tens digit of z?
1
Suppose -21*s + 879 = -2859. What is the tens digit of s?
7
Let w = 849 + -473. What is the tens digit of w?
7
What is the tens digit of (-14556)/(-12) - 8*1?
0
Let d(c) = -11*c - 39. Let k(b) = -16*b - 58. Let f(o) = -7*d(o) + 5*k(o). Let x be f(-9). Let z = -7 + x. What is the units digit of z?
3
What is the units digit of 12/22 + (-70515)/(-495)?
3
Let p be (4 - 6)*(-3 + (-3 - -4)). What is the tens digit of 2/(p/52 + 0)?
2
Let a(h) = -14*h + h**2 + 14*h - 23 - 6*h. What is the units digit of a(11)?
2
Let s(w) = w**2 + 2*w + 9. Let j be s(-17). Suppose -3*q = r - j, -q + 29 = 2*r - 54. Suppose -q - 191 = -5*m. What is the tens digit of m?
5
Let s = 32 - 27. Let u(b) = -b**3 + 5*b**2 + 7*b. What is the units digit of u(s)?
5
Let y = 652 + -447. What is the tens digit of y?
0
Let t = 3123 + -1942. What is the thousands digit of t?
1
Suppose 3*i - 2*k = 8, 0*i - 3*i + 14 = k. Suppose -i*l + o - 6*o = -32, -3*l = 2*o - 31. What is the tens digit of (-17)/(-1) - (14 - l)?
1
Let o(a) = 8*a - 14. Let p(h) = 1. Let j(w) = -o(w) + 3*p(w). What is the units digit of j(-4)?
9
Suppose -4*x - 57 = -169. What is the units digit of 3 + 4 + 2*x?
3
Let x = -482 + 1043. Suppose -t = -4*f - 259, -4*t - f + 492 + x = 0. What is the tens digit of t?
6
Let m = -10829 - -15838. What is the units digit of m?
9
Suppose 881*c = 886*c - 2920. What is the hundreds digit of c?
5
Let n = 9834 - 5940. What is the units digit of n?
4
Let s be 9 + 8/2 + -2. Suppose -9 = w - 8. Let x = s - w. What is the units digit of x?
2
Suppose -5*l + 35 = -10*l + 5*p, -22 = 4*l - 2*p. Let z = 4 + l. Suppose -3*h = -z*h - 108. What is the tens digit of h?
3
Suppose -3*s + 0*s - 2*d + 9 = 0, 2*d = -6. Suppose s*w - 266 - 1019 = -5*b, 5*b + 3*w = 1287. What is the tens digit of b/4*2/3?
4
Let z(j) = 2*j**3 + j**2 - 2. Let x be z(2). Suppose -5*o + x = o. Suppose -3*r + v = -4*v - 117, -2*v + 96 = o*r. What is the tens digit of r?
3
Suppose -5*k + 3*f - 6*f + 1529 = 0, -5*k + f + 1517 = 0. Suppose 3*j - a - k = 0, 4*j - 380 = -a - 4*a. Suppose -j = -0*u - 4*u. What is the units digit of u?
5
Let r be (-1)/(-2*(-1)/(-98)). Suppose -q + r = 5*m, 3*q + q - 172 = 4*m. What is the tens digit of q?
4
Let o = -2940 + 5643. What is the hundreds digit of o?
7
Let b = -616 + 765. What is the tens digit of b?
4
Let r = 61 - 72. What is the units digit of (3 - r/(-4)) + (-75)/(-20)?
4
Suppose -5*a = 4*h, -h = 2*h. What is the units digit of (a + -1 + 2 - 37)*-2?
2
Suppose 2*d + 0*d - 3*w + 2 = 0, w = -d + 4. Suppose -d*o - 768 = -8*o. What is the hundreds digit of o?
1
Let x = -37 + 29. What is the units digit of 1092/16 - (-2)/x?
8
Let d = 2525 + -1469. What is the hundreds digit of d?
0
Let d = -13 - -13. Suppose d = -2*x + 151 + 37. What is the units digit of x?
4
Suppose 0 = -2*g - 3*n + 21, 3*g + 2*n - 40 = -16. Let d(u) = -9 - g*u + 9 + 0 - 8. What is the tens digit of d(-6)?
2
Let s be 12/10*(5 - 10/6). What is the tens digit of s/(3 - -9) + 105/9?
1
Let u(f) = 7*f + 27. Let i be u(10). Suppose o + p + 503 = 6*o, o - 2*p = i. What is the hundreds digit of o?
1
Let o = 10 - 6. Let y(i) = i**2 - 10*i + 10. Let b be y(9). What is the units digit of b - -7 - (3 - o)?
9
What is the tens digit of -1624*((-12)/3)/4?
2
What is the hundreds digit of (-6635)/(-10) - -1 - 8/(-16)?
6
Let q be 12/(-30) + 17/5. Suppose -11 = -5*p + 5*y + 14, 5*y + 5 = 0. Suppose -2*b + 60 = q*g + b, 3*g - p*b - 67 = 0. What is the tens digit of g?
2
Let q be (0 - -5)*2/(-2). Let y = 110 - 108. What is the tens digit of q/((-20)/22)*y?
1
Suppose 5*g - 12677 = -4*s, -4*s + 3*g = -6298 - 6371. What is the hundreds digit of s?
1
Let n(b) = b**3 - 5*b**2 + 2*b + 7. Let p be n(3). Let c be ((-3)/p)/((-6)/(-210)). Let o = 23 + c. What is the units digit of o?
4
Suppose 0 = 8*f - 5*f - 36. What is the units digit of f/(-10)*(-3 + -7)?
2
What is the tens digit of 207*(-14)/(5 + -12)?
1
Suppose 3*x = -3*b - 327, 2*b + 3*x + 440 = -2*b. Let l = b + 162. What is the units digit of l?
9
Suppose -n - 18 = -7*n. Suppose m + n = 8. Suppose -9*s = -m*s - 48. What is the tens digit of s?
1
Let s = -48 + 116. Let l = 62 - 62. Suppose 0 = 4*r + x - 49, l = 5*r + x - 2*x - s. What is the tens digit of r?
1
Suppose -349*q - 846 = -352*q. What is the hundreds digit of q?
2
Let g be (-3)/(-3)*(-3)/(-1). Suppose 18 = 4*m + 2*v, 12 = -2*m + 3*m + g*v. Suppose 0 = -m*l - 2*d + 35, -2*l = 3*l + d - 70. What is the tens digit of l?
1
Suppose 0 = -4*f - 4*d + 36 + 140, 2*d + 72 = 2*f. Let t be (-86)/16 - (-15)/f. What is the tens digit of (-136)/(-3) - t/(-15)?
4
Suppose -z - 104 = z. Let d be (3 - -7) + -22 - 13. Let q = d - z. What is the units digit of q?
7
Let z(j) = j + 9 + 0*j**2 + 8*j + 3*j**2. What is the hundreds digit of z(-8)?
1
Let c be 12/(-7)*(-14)/4. Suppose -41 = -c*o + 1. What is the units digit of o?
7
Let c = 3 + -1. Suppose -t - 2*a = 0, -6 = 4*a - 2*a. What is the tens digit of (54 - t) + c*2?
5
Let m = -191 - -439. What is the hundreds digit of m?
2
Suppose -3716 = -4*t - 4*y, -5*y - 911 = -t - 0*y. What is the tens digit of t?
2
Suppose -14*s + 4426 = -3862. What is the tens digit of s?
9
Let a = 54 + -50. What is the units digit of (-2073)/(-21) + a/14?
9
Let i(q) = -2*q**2 - 3*q + 2. Let t be i(-3). Let s(l) = l - 55. Let y be s(25). Let h = t - y. What is the units digit of h?
3
Suppose -r = 4*r - 2510. What is the units digit of r?
2
Let f = -1590 - -4220. What is the tens digit of f?
3
Suppose 0 = 3*z - 12, 0*z + 18 = 2*p - 2*z. Let w(i) = -i**2 + 13*i + 5. Let q be w(p). What is the units digit of (q - 4)*-31*-1?
1
Let k = 5 + -2. Suppose -l - 51 = -k*n, 5*l - 65 - 22 = -4*n. What is the units digit of n?
8
Suppose 1672 - 9297 = -25*o. What is the tens digit of o?
0
Let k be 9/(-12)*(-12 - 0). Suppose -2*j + 3 = k. What is the units digit of j*4/(-6) + 3?
5
Let c be (-6)/(-10) - 7447/(-55). Suppose -k + 4*s + 61 = 0, 5*s = 3*k - 47 - c. What is the units digit of k?
1
Let t = 995 - 194. What is the tens digit of t?
0
Suppose -n = -4*n. Let